4/18 + k/s a prime number?
True
Let q(z) be the third derivative of z**6/120 - z**5/12 - 7*z**4/24 + 7*z**3/3 - 33*z**2. Let s be q(6). Suppose -s*k = -4755 - 821. Is k a composite number?
True
Let j(d) = 29982*d + 1091. Is j(4) a composite number?
False
Let m(t) = -6299*t + 147. Let x be (-6 - -15)*4/(-6). Is m(x) a prime number?
False
Let z = 110 - 504. Suppose k + 3 = -0, 0 = g + k - 1334. Let t = g + z. Is t a composite number?
True
Let o = 15039 + -5660. Is o composite?
True
Suppose -5501 = -5*l - 2246. Let w = l + 82. Is w prime?
True
Is (-209542)/(-3) + 52/(-156) composite?
False
Let k(c) be the second derivative of -425*c**3/3 - 61*c**2/2 - 105*c + 1. Is k(-8) a prime number?
False
Let s be (-80)/(-105)*6 + (-15)/(-35). Let u be ((-23990)/(-30))/((-2)/(-6)). Suppose u = s*y + 394. Is y a prime number?
True
Suppose -17*b + 20324 = 6*t - 12*b, 4*b = -2*t + 6770. Is t a prime number?
True
Suppose -4 = c - 3*r + 4, -5*c + 55 = 4*r. Suppose -k - g = -0*k - 3, -4*k + g = -c. Suppose y - w - 616 = 0, -4*w = -k*y - 9*w + 1218. Is y a prime number?
False
Let i(g) = 5*g**2 + 17*g + 20. Let l be i(-13). Suppose -6*p = -1870 - l. Is p composite?
False
Let p(m) = 12371*m + 114. Let w be p(10). Let s = w + -79911. Is s composite?
False
Let w = 7874 - 11720. Let s = -1498 - w. Suppose h + 5*x = 636, 4*x - s = -5*h + 727. Is h composite?
True
Let m be 3/6*-8 + 35. Let t = m + -52. Is (-532)/t + (-2)/(-3) a prime number?
False
Let i = 432 - -1421. Let j be (-8048)/7 + 34/(-119). Let p = j + i. Is p a composite number?
True
Let p = 165313 - 28062. Is p a prime number?
True
Let p(u) be the first derivative of 19*u**3/2 - 15*u**2 - 23*u - 6. Let j(g) be the first derivative of p(g). Is j(21) prime?
False
Let q(l) = 5 - 3 - 4 + 7 - 3*l**3 + 7*l**2 + 38*l + 2*l**3. Is q(-17) prime?
False
Let s(u) = 13*u - 3. Let p(z) = 25*z - 11. Let f(h) = 25*h - 10. Let j(v) = -6*f(v) + 5*p(v). Let l(o) = -4*j(o) - 7*s(o). Is l(6) prime?
False
Let x(w) = w**2 + 2*w - 18. Let f be x(-5). Is 1098 - f - (3 + (-4)/4) composite?
True
Is (-3769192)/(-448) - (207/360 + (-1)/5) a prime number?
False
Let p = 231 + -227. Is ((-2103)/(-12))/(1/p) a composite number?
False
Let v(t) = 5 - t + 5 + 4 - 12. Let d be v(-1). Suppose d*g = -4*g + 2506. Is g a prime number?
False
Suppose -8*g - 16 = 16. Let s be (-366 + 0)/(g - (-9)/2). Is (-10)/(-15) + s/(-9) + -3 a prime number?
True
Is (5174 - (-11)/(-11)) + -10 composite?
True
Is (-38 - -47) + 934291 + 1 a prime number?
True
Suppose -2990*v + 3001*v = 3072905. Is v prime?
False
Suppose 4*l - 18288 = 2*y, 5*l - 32404 = 5*y - 9549. Let m = -2864 + l. Is m a composite number?
False
Suppose -640*m + 34082807 = -453*m. Is m composite?
False
Let u = 1111076 - 690993. Is u prime?
False
Suppose 2662204 = -5786*m + 5862*m. Is m prime?
False
Let t(c) = 2*c**2 - 4*c + 6. Let l be t(2). Suppose 0*s + 2910 = l*s. Is s a prime number?
False
Let u = -26327 - -58426. Is u composite?
False
Let d(x) = x**2 + 19*x + 66029. Is d(0) a prime number?
True
Let f be 12/42 + 38/14. Suppose f*l - 10*l + 28 = 0. Is 51807/77 - l/(-22) prime?
True
Let p(z) = -46 + 35 + 3*z**2 + 62 + 39*z. Is p(35) prime?
False
Suppose 8*q - 75 = 3*q. Suppose 17*g - q*g = 6. Suppose 0 = 3*h + g, -n - 4*n + 2*h + 2937 = 0. Is n a composite number?
False
Let k(b) = 63930*b + 443. Is k(1) a prime number?
True
Let d be (27/(-18))/((-3 - -2)/19226). Suppose -4*b + b = 3*z + d, -5*b + z = 48071. Let a = b + 13611. Is a prime?
False
Let w(f) = 35*f**3 + 6*f**2 + 2*f + 30. Let g(s) = 36*s**3 + 7*s**2 + 3*s + 33. Let y(b) = -3*g(b) + 4*w(b). Is y(5) a prime number?
True
Suppose -35*q + 37*q - 831153 = 7*j, 0 = -q + 4*j + 415574. Is q a prime number?
False
Let t = 20 + -18. Suppose -t*l = 2*l - 16. Suppose -l*q = -2*q - 254. Is q composite?
False
Let m = 7688 - -5547. Is m a prime number?
False
Let t(y) be the third derivative of y**5/60 - 5*y**4/12 - y**3 + 21*y**2. Let b be t(11). Suppose -b*k + 699 = -2*k. Is k composite?
False
Suppose -21 = 3*r + 3*t, r = 5*t - 9 + 26. Let l be ((-3)/r)/((-4)/(-7792)). Let x = l + -1151. Is x composite?
False
Suppose -g = 4*x + 4*g - 44, -3*g + 22 = 2*x. Suppose 3*v + 4*y - 14895 = 0, 0 = -12*v + x*v + 3*y + 4978. Is v composite?
False
Let y(d) = -d**3 + 2*d**2 + 21*d + 6. Let c be y(5). Suppose c*l - 19*l - 18887 = 0. Is l prime?
False
Suppose -28 = -8*t + 28. Suppose -t*o + 2946 = 209. Let w = 724 + o. Is w prime?
False
Let m(o) be the third derivative of 13/12*o**4 + 9*o**2 + 0*o + 0 + 1/3*o**3. Is m(6) composite?
True
Suppose -p + 530419 = 5*r + 16132, -1543001 = -3*p + 5*r. Is p prime?
False
Suppose 11*h = -43*h + 28*h + 9827662. Is h a prime number?
False
Suppose 5*i - 317 = -62. Let w = -49 + i. Suppose -w*k + 5*a = -0*a - 257, -4*k + 520 = -4*a. Is k prime?
True
Let i(u) = 3 + 8*u**2 - 6*u + 5 - u + u - 2*u**3. Let b be i(5). Is (-2)/(-16) - 27423/b a composite number?
True
Let k(n) = -3547*n - 9477. Is k(-104) a composite number?
True
Let g be (-33285)/27 + (-4)/18. Suppose 13*i = 49 - 23. Is (8/(-12))/(i/g) prime?
False
Let q(i) = i**3 + 44*i**2 - 94*i - 87. Let r be q(-46). Suppose 2*l - 4*o - 3365 = -3*l, 3*o + 3365 = 5*l. Suppose -258 + l = r*k. Is k a prime number?
True
Suppose -26*z = -29*z - 2*l + 36121, z = 4*l + 12017. Is z prime?
True
Suppose 5*c = 5, -73737 = 9*y - 10*y - 2*c. Is y composite?
True
Suppose 20*a - 74118 = 95902. Is a a composite number?
False
Let u = -20 + 51. Suppose 39*b - u*b = 8. Let t(r) = 1118*r**3 - 3*r**2 + 4*r - 2. Is t(b) a prime number?
True
Is (-326878)/(-4) + (-3)/(-2) a prime number?
False
Suppose 0 = 2*d + 2292 - 17518. Suppose -1 = 2*g + 3. Is (d/69)/(g/(-18)) a prime number?
False
Let z = -154 - -1484. Suppose 4*p - 4*a = 4462 - z, -3*a - 779 = -p. Is p a prime number?
False
Suppose 0 = 5*d + 6 + 14. Let r be (d + 4)/5 - -293. Suppose -l = z - r, -z = -4*z. Is l a prime number?
True
Suppose -1337 = 2*p + 107. Let g be (754/4)/(5*(-4)/(-120)). Let m = p + g. Is m a composite number?
False
Suppose -3*m - 21 = -t - 24, 5*t + 4*m = 4. Suppose 2*z - 1231 = -o, t = -o + 3*z + 33 + 1188. Is o prime?
False
Suppose -4*s + 6*n + 16 = 7*n, 0 = -4*n + 16. Let x be (-16)/(-5) - 3/15. Suppose -4*i + 2686 = -x*j, 3*i - 2011 = j + s*j. Is i prime?
True
Let j = 953 - -9452. Is j a composite number?
True
Suppose 4*p - 40 = 5*r, 25 = 2*p - 4*r - 1. Suppose u - 55 = p*y + 945, -994 = -u - y. Is u prime?
False
Suppose 3*j + 5*r - 2029 = 0, -4*j + 0*r = -r - 2667. Suppose -3*s + 1673 = 4*g, j = 2*g + 2*s - 168. Is g a prime number?
True
Let w be (36/6)/((-2)/(-8)). Let b(z) = -3 + 36*z + w*z - 4. Is b(5) composite?
False
Let i be (-694 - -2)*33/44. Let m = 3274 - i. Is m a composite number?
False
Let q = -152365 + 267554. Is q a prime number?
False
Let p = -849438 + 2405931. Is p a composite number?
True
Let o(i) = 180*i**2 + 5*i + 2. Let v be o(4). Suppose 2218 = 8*s - v. Suppose z - s = 4*h + 303, -h = 4*z - 3772. Is z a composite number?
True
Suppose -3*p - 6*c = -120723, 4*p - 5*c - 58300 = 102742. Is p prime?
True
Let b = -574 + 262. Let i = b + 137. Let t = i + 324. Is t a composite number?
False
Suppose 1192*o - 1193*o - 4*b = -523086, -o + 523135 = -3*b. Is o prime?
False
Suppose 39191 = 18*z - 105 - 21652. Is z composite?
True
Let b = -15496 - -27255. Is b a prime number?
False
Suppose -7 = 13*u + 123. Is -2*(-10765)/u*-1 a prime number?
True
Suppose 0 = -4*p + 521840 - 17244. Is p a composite number?
True
Let r be (245/10 - 3)*134. Let q = r + -1914. Is q a composite number?
False
Suppose -84*z + 170 = -89*z. Is (-231560)/(-119) + (-4)/z - -3 a composite number?
False
Let v(a) = -4*a**3 + 5*a**2 + 4*a + 8. Let d(h) = -5*h**3 + 5*h**2 + 5*h + 8. Let p be 9/12 - (108/16 - -1). Let q(y) = p*v(y) + 6*d(y). Is q(-7) composite?
False
Let p(u) = u**3 - 5*u**2 - 5*u - 6. Let x be p(6). Suppose s + x*f + 2*f - 9 = 0, -2*f + 12 = 4*s. Is (-2 - 0/s)*(-4193)/14 composite?
False
Suppose 0*m + 6 = 2*m. Let i(t) = -14 - 2*t**m + 15*t - 7*t - 4*t - 17*t**2 - 14*t. Is i(-11) prime?
True
Let r(h) = -h**3 - 62*h**2 + 115*h + 259. Is r(-65) composite?
True
Let t(y) = 6*y + 6. Let j be t(-10). Let p = j - -56. Suppose -3*m = -m + q - 617, -p*m - 5*q = -629. Is m a composite number?
False
Suppose 0 = 47*r + 18*r - 1692145. Is r prime?